uppose -2*u + 120 = 5*f, -j*f - u + 120 = -2*u. Calculate the remainder when 381 is divided by f.
21
Let g be (3/2)/((-3)/(-12)). Let v(x) = -10*x**2 + 1224*x - 216. What is the remainder when v(122) is divided by (3/g)/((-2)/(-156))?
38
What is the remainder when (142/71)/((20/(-272))/(-5)) is divided by 88?
48
Let o = -60 - -176. Let i = o - 91. What is the remainder when i is divided by -2*(1 - (2 + 6))?
11
Let l(w) = 121*w + 1864. Calculate the remainder when l(-11) is divided by 17.
6
Suppose -355 = -2*g + 7*g. Suppose 4*r + 197 + 364 = -5*z, -3*z + 5*r - 344 = 0. Let w = g - z. Calculate the remainder when w is divided by 23.
19
Let g be 249/(-33) + (-78)/(-143). Let h(x) = -10*x + 196. What is the remainder when h(g) is divided by 39?
32
Let o(i) = -16*i**2 + 129*i - 2. Let c(f) = -2*f**3 + 13*f**2 + 25*f. Let t be c(8). Calculate the remainder when 137 is divided by o(t).
5
Suppose -45*v - 2952 = -39*v. Let o be (-8)/(-6)*v/8. Let f = o - -98. Calculate the remainder when 47 is divided by f.
15
Suppose -5*y = 2*l - 244, 0*l + 2*l = 2*y - 92. Let w(k) = 12 - 21 - y*k + 7. What is the remainder when 89 is divided by w(-1)?
43
Let t = 20 - -50. Suppose -2*j - 28 + 9 = -3*x, 5*x = -4*j + 17. Suppose -6*l - x + 77 = 0. What is the remainder when t is divided by l?
10
Suppose 0 = -6*f + 2*f - d + 652, -4*f = 2*d - 652. Suppose 6*v + 95 = 2*r + v, f = 4*r - v. What is the remainder when r is divided by 9?
4
Suppose -101 = -5*g + 279. Let t = -9 - -22. Calculate the remainder when (-13)/26*(0 - g) is divided by t.
12
Let y be 0*(3/(-15))/(10/(-25)). Suppose y = -7*q + 32 + 129. What is the remainder when q is divided by 4?
3
Let p = -5067 - -6032. Calculate the remainder when p is divided by 161.
160
Calculate the remainder when (6414/9)/((-232)/(-348)) is divided by 135.
124
What is the remainder when 3238 is divided by 1/(-5) + 2/(220/902)?
6
Let f = -9 - -13. Suppose -f*y + 454 = x - 0*x, -2*y + 232 = 3*x. Calculate the remainder when y is divided by 6/45 - (-22516)/780.
26
Let n(v) = 3*v**2 + 27*v + 52. What is the remainder when ((-514)/4)/(-1)*2 is divided by n(-9)?
49
Suppose -67*c - 543 + 791 = -1293. Calculate the remainder when 197 is divided by c.
13
Let o(i) = 16*i**2 + 2*i**3 + 4*i - 4 - i**3 + 9*i. Let b be -6*(3 + -2) - (-13 + 22). Calculate the remainder when 102 is divided by o(b).
24
Let l = -71 + 48. Let d(x) = -x**2 - 23*x + 10. Let s be d(l). Suppose s*j - 60 = 7*j. What is the remainder when 57 is divided by j?
17
Suppose 51*h - 103113 = -5091. Calculate the remainder when 5767 is divided by h.
1
Let m = -6070 + 6096. Calculate the remainder when 3290 is divided by m.
14
Suppose -53*y + 195 = -164 - 224. What is the remainder when 25023 is divided by y?
9
Suppose -13*j + 25 = -18*j, 0 = 5*w + 4*j. Calculate the remainder when 425 is divided by w.
1
Suppose -516 = -370*v + 364*v. What is the remainder when 3696 is divided by v?
84
Suppose -8*k + 2*k + 96 = 0. Let l = -39 - 5. Calculate the remainder when l/12*(4 + -25) is divided by k.
13
Let g = -204 + 214. Let c(n) = n**2 - 11*n + 23. Calculate the remainder when 284 is divided by c(g).
11
Suppose 498 = 2*r + 5*j, 4*r - 2*j - 1020 = -0*j. Suppose 7*d - r = 194. Calculate the remainder when d is divided by 33.
31
Let k(f) = 1391*f - 254532. Let h be 2 + 0 + -3 - 0. What is the remainder when k(183) is divided by 4/(2*h) + 14?
9
Suppose c - 3249 = -3*t, 19 = 3*c + 28. Calculate the remainder when t is divided by 156.
148
Let p(a) = -698*a**2 + 3536*a + 6. What is the remainder when 2369 is divided by p(5)?
9
Suppose 2*l + 2629 = o, 2*o - 4438 = -l + 810. Suppose 15*b - o = -0*b. Calculate the remainder when b is divided by 59.
57
Let f(z) = 15*z**2 - 41. What is the remainder when f(8) is divided by 151?
13
Let j = 416 + -261. Suppose -416 = -3*u - j. Let k(r) = r**3 + 7*r**2 + 5*r + 2. What is the remainder when u is divided by k(-4)?
27
Let t(v) = v**3 - v**2 + 5*v - 4. Let g(b) = -b**3 + 15*b**2 + 31*b - 33. Let u be g(12). Let o = 913 - u. What is the remainder when o is divided by t(3)?
26
Let z(u) = -17*u**2 - 8*u + 9. Let o be z(1). Let j = 45 - o. What is the remainder when j is divided by 11?
6
Let w be 4 - ((-2)/(-1) + -3). Suppose w*z - 104 = 376. Calculate the remainder when z is divided by 33.
30
Suppose 0 = 518*h - 547*h + 19778. Calculate the remainder when h is divided by 1.
0
Let j(f) = 24*f + 88. Let z be j(22). Let v = z + -612. Suppose 3*d - 4*d + 7 = 0. What is the remainder when d is divided by v?
3
Let m(h) = -2*h**3 + 13*h**2 - 189*h + 1414. What is the remainder when 303 is divided by m(7)?
9
Let o(r) = -3*r**2 - 3*r - 15. Let w be o(-3). Let l = 94 - w. Calculate the remainder when l is divided by 32.
31
Let s(b) = b**3 + 6*b**2 - 214*b + 45. Calculate the remainder when 46 is divided by s(-18).
1
Let o(a) = 317*a - 1932. Calculate the remainder when o(23) is divided by 67.
66
Let c(n) = -n**2 - 8*n + 110. Let j be c(-15). Suppose j*p - 16*o = -21*o + 470, p = -5*o + 74. Calculate the remainder when p is divided by 13.
8
Let m(g) = 12*g - 231. Suppose 0 = 3*o + 3*y - 345, 360 = 3*o - 0*o - 2*y. What is the remainder when o is divided by m(21)?
13
Suppose -375 = -6*f - 165. What is the remainder when 139 is divided by f?
34
Calculate the remainder when 1912 is divided by (-756)/(-945) - (556/(-5) + -1).
104
What is the remainder when 6457 is divided by 5 + 17 - (4 + -13)/(-3)?
16
Let c(r) = r**3 + 36*r**2 + 68*r + 27. Let u be c(-34). Let z = 38 - u. What is the remainder when 97 is divided by z?
9
Suppose -114 = -0*y - 3*y. Suppose 0 = -793*a + 752*a + 2993. What is the remainder when a is divided by y?
35
Calculate the remainder when 468 is divided by 18640/72 + (-8 - (-438)/54).
209
Suppose 8*k = 107 - 203. What is the remainder when k/10 + 231/5 is divided by 12?
9
Let x be (-700)/5*(-6)/15. Suppose 0 = -2*q - x - 394. Let a = -118 - q. Calculate the remainder when a is divided by 11.
8
Let k(p) = -p + 8. Suppose 7*o - 5*o = 202. What is the remainder when o is divided by k(-5)?
10
Suppose -6351 - 25244 = -336*w + 8053. Suppose -46 = -5*m + 54. Calculate the remainder when w is divided by m.
18
Let n(k) = -221*k + 278. Calculate the remainder when 375 is divided by n(1).
33
Let t(c) = -2*c + 16. Let d(r) = -r**3 - 5*r**2 + 4*r - 4. Let a(y) = -3*y - 18. Let n be a(-4). What is the remainder when d(n) is divided by t(6)?
0
Suppose -4506 - 3243 = -27*i. What is the remainder when 879 is divided by i?
18
Let z = 249 - 360. Let y = z + 133. Calculate the remainder when 81 is divided by y.
15
Let p(o) = -625*o + 449. Calculate the remainder when p(-4) is divided by 18.
15
Let q(u) = -u**3 + 16*u**2 - 28*u + 13. Let i be q(14). Let a(l) = l**2 - 10*l - 17. What is the remainder when 63 is divided by a(i)?
19
Let b(l) = -139*l**3 - l**2 - 4*l - 3. Let g be b(-1). Suppose -g = -h - 6. Calculate the remainder when h is divided by 41.
10
Suppose 2*f = -5*p - 0*f + 36, 2*p - 5*f = 26. Let q be -3 + 6/2 + -10. What is the remainder when p is divided by (2/(-4))/(q/120)?
2
Let g(w) = w**3 - 2*w**2 + 10*w + 14. Calculate the remainder when 2/(-9) - 76/(-18) is divided by g(-1).
0
Suppose 353*h - 163*h = 170*h + 340. What is the remainder when 1385 is divided by h?
8
Let w = 44310 + -44271. Let g be 14/5 - (-2)/10. Suppose 4*s + 0*u - 4*u - 76 = 0, g*u = 5*s - 101. What is the remainder when w is divided by s?
17
Let l(q) = 5*q + 2. Let o be l(-16). What is the remainder when 67 is divided by 182/5 + o/195?
31
Let v(w) = -3*w**2 - 8*w + 44. Let s(i) = 2*i**2 + 8*i - 44. Let p(y) = -4*s(y) - 3*v(y). Calculate the remainder when p(-10) is divided by 45.
44
Let l(r) = 285*r + 6066. Calculate the remainder when 969 is divided by l(-21).
78
Suppose 0 = -7151*g - 4117*g + 135216. Suppose 0*l + 41 = 2*l + 3*f, -2*l = 4*f - 40. Calculate the remainder when (-6)/(-8)*2*l is divided by g.
9
Let x(i) = -5*i - 8. What is the remainder when 74/(-333) - 4970/(-9) is divided by x(-9)?
34
Let l(y) = 30*y + 559. Calculate the remainder when l(11) is divided by 27.
25
Let i = -2558 + 3257. What is the remainder when 1400 is divided by i?
2
Let g(l) = -1276*l - 2537. Calculate the remainder when 1/(-4) + (-531)/(-12) is divided by g(-2).
14
Suppose 0 = -i + 3, 4*w - 5*i - 